[INFO] cloning repository https://github.com/avast/yari
[INFO] running `Command { std: "git" "-c" "credential.helper=" "-c" "credential.helper=/workspace/cargo-home/bin/git-credential-null" "clone" "--bare" "https://github.com/avast/yari" "/workspace/cache/git-repos/https%3A%2F%2Fgithub.com%2Favast%2Fyari", kill_on_drop: false }`
[INFO] [stderr] Cloning into bare repository '/workspace/cache/git-repos/https%3A%2F%2Fgithub.com%2Favast%2Fyari'...
[INFO] running `Command { std: "git" "rev-parse" "HEAD", kill_on_drop: false }`
[INFO] [stdout] 22f1b19552a9783fbc7c878ee321710d9032b6fd
[INFO] checking avast/yari against master#9610dfe5a9a731ced1ea4923ecbd0c57fe367898 for beta-170-4
[INFO] running `Command { std: "git" "clone" "/workspace/cache/git-repos/https%3A%2F%2Fgithub.com%2Favast%2Fyari" "/workspace/builds/worker-2-tc1/source", kill_on_drop: false }`
[INFO] [stderr] Cloning into '/workspace/builds/worker-2-tc1/source'...
[INFO] [stderr] done.
[INFO] validating manifest of git repo https://github.com/avast/yari on toolchain 9610dfe5a9a731ced1ea4923ecbd0c57fe367898
[INFO] running `Command { std: CARGO_HOME="/workspace/cargo-home" RUSTUP_HOME="/workspace/rustup-home" "/workspace/cargo-home/bin/cargo" "+9610dfe5a9a731ced1ea4923ecbd0c57fe367898" "metadata" "--manifest-path" "Cargo.toml" "--no-deps", kill_on_drop: false }`
[INFO] started tweaking git repo https://github.com/avast/yari
[INFO] finished tweaking git repo https://github.com/avast/yari
[INFO] tweaked toml for git repo https://github.com/avast/yari written to /workspace/builds/worker-2-tc1/source/Cargo.toml
[INFO] crate git repo https://github.com/avast/yari already has a lockfile, it will not be regenerated
[INFO] running `Command { std: CARGO_HOME="/workspace/cargo-home" RUSTUP_HOME="/workspace/rustup-home" "/workspace/cargo-home/bin/cargo" "+9610dfe5a9a731ced1ea4923ecbd0c57fe367898" "fetch" "--manifest-path" "Cargo.toml", kill_on_drop: false }`
[INFO] [stderr]  Downloading crates ...
[INFO] [stderr]   Downloaded pyo3-macros v0.18.2
[INFO] [stderr]   Downloaded pyo3 v0.18.2
[INFO] [stderr]   Downloaded rustix v0.35.9
[INFO] [stderr]   Downloaded indoc v1.0.7
[INFO] [stderr]   Downloaded unindent v0.1.10
[INFO] [stderr]   Downloaded fd-lock v3.0.6
[INFO] [stderr]   Downloaded pyo3-build-config v0.18.2
[INFO] [stderr]   Downloaded pyo3-ffi v0.18.2
[INFO] [stderr]   Downloaded pyo3-macros-backend v0.18.2
[INFO] running `Command { std: "docker" "create" "-v" "/var/lib/crater-agent-workspace/builds/worker-2-tc1/target:/opt/rustwide/target:rw,Z" "-v" "/var/lib/crater-agent-workspace/builds/worker-2-tc1/source:/opt/rustwide/workdir:ro,Z" "-v" "/var/lib/crater-agent-workspace/cargo-home:/opt/rustwide/cargo-home:ro,Z" "-v" "/var/lib/crater-agent-workspace/rustup-home:/opt/rustwide/rustup-home:ro,Z" "-e" "SOURCE_DIR=/opt/rustwide/workdir" "-e" "CARGO_TARGET_DIR=/opt/rustwide/target" "-e" "CARGO_HOME=/opt/rustwide/cargo-home" "-e" "RUSTUP_HOME=/opt/rustwide/rustup-home" "-w" "/opt/rustwide/workdir" "-m" "1610612736" "--user" "0:0" "--network" "none" "ghcr.io/rust-lang/crates-build-env/linux@sha256:19e73879b68f455e41552ea35293514db52ea292d993f571636dbffedb77a1ee" "/opt/rustwide/cargo-home/bin/cargo" "+9610dfe5a9a731ced1ea4923ecbd0c57fe367898" "metadata" "--no-deps" "--format-version=1", kill_on_drop: false }`
[INFO] [stdout] 46e4efa88af8c05c7abe7b22e90943d952769e94ab2249dbf5323ccfc29d6dda
[INFO] running `Command { std: "docker" "start" "-a" "46e4efa88af8c05c7abe7b22e90943d952769e94ab2249dbf5323ccfc29d6dda", kill_on_drop: false }`
[INFO] running `Command { std: "docker" "inspect" "46e4efa88af8c05c7abe7b22e90943d952769e94ab2249dbf5323ccfc29d6dda", kill_on_drop: false }`
[INFO] running `Command { std: "docker" "rm" "-f" "46e4efa88af8c05c7abe7b22e90943d952769e94ab2249dbf5323ccfc29d6dda", kill_on_drop: false }`
[INFO] [stdout] 46e4efa88af8c05c7abe7b22e90943d952769e94ab2249dbf5323ccfc29d6dda
[INFO] running `Command { std: "docker" "create" "-v" "/var/lib/crater-agent-workspace/builds/worker-2-tc1/target:/opt/rustwide/target:rw,Z" "-v" "/var/lib/crater-agent-workspace/builds/worker-2-tc1/source:/opt/rustwide/workdir:ro,Z" "-v" "/var/lib/crater-agent-workspace/cargo-home:/opt/rustwide/cargo-home:ro,Z" "-v" "/var/lib/crater-agent-workspace/rustup-home:/opt/rustwide/rustup-home:ro,Z" "-e" "SOURCE_DIR=/opt/rustwide/workdir" "-e" "CARGO_TARGET_DIR=/opt/rustwide/target" "-e" "CARGO_INCREMENTAL=0" "-e" "RUST_BACKTRACE=full" "-e" "RUSTFLAGS=--cap-lints=forbid" "-e" "RUSTDOCFLAGS=--cap-lints=forbid" "-e" "CARGO_HOME=/opt/rustwide/cargo-home" "-e" "RUSTUP_HOME=/opt/rustwide/rustup-home" "-w" "/opt/rustwide/workdir" "-m" "1610612736" "--user" "0:0" "--network" "none" "ghcr.io/rust-lang/crates-build-env/linux@sha256:19e73879b68f455e41552ea35293514db52ea292d993f571636dbffedb77a1ee" "/opt/rustwide/cargo-home/bin/cargo" "+9610dfe5a9a731ced1ea4923ecbd0c57fe367898" "check" "--frozen" "--all" "--all-targets" "--message-format=json", kill_on_drop: false }`
[INFO] [stdout] 1485f0d8e432e4394e35064bd222e4189b28a6b50e8aa0c7bfdf7a5117f4b9d0
[INFO] running `Command { std: "docker" "start" "-a" "1485f0d8e432e4394e35064bd222e4189b28a6b50e8aa0c7bfdf7a5117f4b9d0", kill_on_drop: false }`
[INFO] [stderr]    Compiling libc v0.2.140
[INFO] [stderr]    Compiling proc-macro2 v1.0.53
[INFO] [stderr]    Compiling unicode-ident v1.0.8
[INFO] [stderr]    Compiling quote v1.0.26
[INFO] [stderr]    Compiling syn v1.0.99
[INFO] [stderr]    Compiling memchr v2.5.0
[INFO] [stderr]    Compiling clang-sys v1.3.3
[INFO] [stderr]    Compiling minimal-lexical v0.2.1
[INFO] [stderr]    Compiling libloading v0.7.3
[INFO] [stderr]    Compiling bindgen v0.64.0
[INFO] [stderr]    Compiling io-lifetimes v1.0.5
[INFO] [stderr]    Compiling target-lexicon v0.12.4
[INFO] [stderr]    Compiling either v1.8.0
[INFO] [stderr]    Compiling aho-corasick v0.7.20
[INFO] [stderr]    Compiling nom v7.1.3
[INFO] [stderr]    Compiling regex-syntax v0.6.29
[INFO] [stderr]    Compiling log v0.4.17
[INFO] [stderr]    Compiling shlex v1.1.0
[INFO] [stderr]    Compiling peeking_take_while v0.1.2
[INFO] [stderr]    Compiling rustix v0.36.8
[INFO] [stderr]    Compiling bitflags v1.3.2
[INFO] [stderr]    Compiling rustc-hash v1.1.0
[INFO] [stderr]     Checking once_cell v1.14.0
[INFO] [stderr]    Compiling which v4.3.0
[INFO] [stderr]    Compiling lazycell v1.3.0
[INFO] [stderr]    Compiling syn v2.0.8
[INFO] [stderr]    Compiling thiserror v1.0.40
[INFO] [stderr]    Compiling regex v1.7.3
[INFO] [stderr]    Compiling cexpr v0.6.0
[INFO] [stderr]     Checking linux-raw-sys v0.1.4
[INFO] [stderr]    Compiling pyo3-build-config v0.18.2
[INFO] [stderr]     Checking smallvec v1.10.0
[INFO] [stderr]     Checking is-terminal v0.4.3
[INFO] [stderr]    Compiling thiserror-impl v1.0.40
[INFO] [stderr]     Checking tracing-core v0.1.29
[INFO] [stderr]     Checking humantime v2.1.0
[INFO] [stderr]    Compiling io-lifetimes v0.7.3
[INFO] [stderr]     Checking env_logger v0.10.0
[INFO] [stderr]    Compiling lock_api v0.4.8
[INFO] [stderr]    Compiling pyo3-ffi v0.18.2
[INFO] [stderr]     Checking thread_local v1.1.4
[INFO] [stderr]     Checking sharded-slab v0.1.4
[INFO] [stderr]    Compiling rustix v0.35.9
[INFO] [stderr]    Compiling cc v1.0.79
[INFO] [stderr]     Checking tracing v0.1.36
[INFO] [stderr]    Compiling memoffset v0.8.0
[INFO] [stderr]     Checking scopeguard v1.1.0
[INFO] [stderr]    Compiling eyre v0.6.8
[INFO] [stderr]     Checking tracing-subscriber v0.3.15
[INFO] [stderr]     Checking adler v1.0.2
[INFO] [stderr]     Checking linux-raw-sys v0.0.46
[INFO] [stderr]     Checking gimli v0.26.2
[INFO] [stderr]     Checking miniz_oxide v0.5.4
[INFO] [stderr]     Checking parking_lot_core v0.9.3
[INFO] [stderr]    Compiling pyo3 v0.18.2
[INFO] [stderr]    Compiling pyo3-macros-backend v0.18.2
[INFO] [stderr]    Compiling backtrace v0.3.66
[INFO] [stderr]     Checking tracing-error v0.2.0
[INFO] [stderr]     Checking nibble_vec v0.1.0
[INFO] [stderr]     Checking dirs-sys-next v0.1.2
[INFO] [stderr]     Checking object v0.29.0
[INFO] [stderr]     Checking indenter v0.3.3
[INFO] [stderr]     Checking endian-type v0.1.2
[INFO] [stderr]     Checking clap_lex v0.4.1
[INFO] [stderr]     Checking owo-colors v3.5.0
[INFO] [stderr]     Checking rustc-demangle v0.1.21
[INFO] [stderr]     Checking clap_builder v4.1.14
[INFO] [stderr]     Checking radix_trie v0.2.1
[INFO] [stderr]     Checking nix v0.26.2
[INFO] [stderr]     Checking fd-lock v3.0.6
[INFO] [stderr]     Checking color-spantrace v0.2.0
[INFO] [stderr]     Checking addr2line v0.17.0
[INFO] [stderr]     Checking dirs-next v2.0.0
[INFO] [stderr]     Checking parking_lot v0.12.1
[INFO] [stderr]     Checking utf8parse v0.2.0
[INFO] [stderr]     Checking unicode-width v0.1.10
[INFO] [stderr]    Compiling indoc v1.0.7
[INFO] [stderr]     Checking unicode-segmentation v1.10.1
[INFO] [stderr]     Checking unindent v0.1.10
[INFO] [stderr]     Checking rustyline v11.0.0
[INFO] [stderr]     Checking clap v4.1.14
[INFO] [stderr]    Compiling pyo3-macros v0.18.2
[INFO] [stderr]    Compiling yari-sys v0.1.6 (/opt/rustwide/workdir/yari-sys)
[INFO] [stderr]     Checking color-eyre v0.6.2
[INFO] [stderr] error: failed to run custom build command for `yari-sys v0.1.6 (/opt/rustwide/workdir/yari-sys)`
[INFO] [stderr] note: To improve backtraces for build dependencies, set the CARGO_PROFILE_DEV_BUILD_OVERRIDE_DEBUG=true environment variable to enable debug information generation.
[INFO] [stderr] 
[INFO] [stderr] Caused by:
[INFO] [stderr]   process didn't exit successfully: `/opt/rustwide/target/debug/build/yari-sys-19344d5f76aa19f6/build-script-build` (exit status: 101)
[INFO] [stderr]   --- stdout
[INFO] [stderr]   cargo:rustc-link-lib=static=yara
[INFO] [stderr]   cargo:rustc-link-lib=crypto
[INFO] [stderr]   cargo:rustc-link-lib=magic
[INFO] [stderr]   cargo:rustc-link-lib=jansson
[INFO] [stderr]   cargo:rustc-link-lib=z
[INFO] [stderr]   cargo:rustc-link-search=/opt/rustwide/workdir/yari-sys/yara/windows/vs2017/libyara/Release
[INFO] [stderr]   cargo:rustc-link-search=/opt/rustwide/workdir/yari-sys/yara/libyara/.libs
[INFO] [stderr]   cargo:rerun-if-changed=wrapper.h
[INFO] [stderr]   cargo:rerun-if-changed=/opt/rustwide/workdir/yari-sys/yara
[INFO] [stderr] 
[INFO] [stderr]   --- stderr
[INFO] [stderr]   wrapper.h:1:10: fatal error: 'yara.h' file not found
[INFO] [stderr]   thread 'main' panicked at 'Unable to generate bindings: ClangDiagnostic("wrapper.h:1:10: fatal error: 'yara.h' file not found\n")', yari-sys/build.rs:145:14
[INFO] [stderr]   stack backtrace:
[INFO] [stderr]      0:     0x55ac42c9a171 - std::backtrace_rs::backtrace::libunwind::trace::h036e87df56fc4b9d
[INFO] [stderr]                                  at /rustc/9610dfe5a9a731ced1ea4923ecbd0c57fe367898/library/std/src/../../backtrace/src/backtrace/libunwind.rs:93:5
[INFO] [stderr]      1:     0x55ac42c9a171 - std::backtrace_rs::backtrace::trace_unsynchronized::hd61eb2dbd6ae476a
[INFO] [stderr]                                  at /rustc/9610dfe5a9a731ced1ea4923ecbd0c57fe367898/library/std/src/../../backtrace/src/backtrace/mod.rs:66:5
[INFO] [stderr]      2:     0x55ac42c9a171 - std::sys_common::backtrace::_print_fmt::h00c50d0875db23c9
[INFO] [stderr]                                  at /rustc/9610dfe5a9a731ced1ea4923ecbd0c57fe367898/library/std/src/sys_common/backtrace.rs:65:5
[INFO] [stderr]      3:     0x55ac42c9a171 - <std::sys_common::backtrace::_print::DisplayBacktrace as core::fmt::Display>::fmt::h63195ab2dde77ccc
[INFO] [stderr]                                  at /rustc/9610dfe5a9a731ced1ea4923ecbd0c57fe367898/library/std/src/sys_common/backtrace.rs:44:22
[INFO] [stderr]      4:     0x55ac42cc10bf - core::fmt::rt::Argument::fmt::h83f4110348c688f4
[INFO] [stderr]                                  at /rustc/9610dfe5a9a731ced1ea4923ecbd0c57fe367898/library/core/src/fmt/rt.rs:138:9
[INFO] [stderr]      5:     0x55ac42cc10bf - core::fmt::write::h509367dd365f983a
[INFO] [stderr]                                  at /rustc/9610dfe5a9a731ced1ea4923ecbd0c57fe367898/library/core/src/fmt/mod.rs:1094:21
[INFO] [stderr]      6:     0x55ac42c97481 - std::io::Write::write_fmt::h8e60bfebdaabfee5
[INFO] [stderr]                                  at /rustc/9610dfe5a9a731ced1ea4923ecbd0c57fe367898/library/std/src/io/mod.rs:1713:15
[INFO] [stderr]      7:     0x55ac42c99f85 - std::sys_common::backtrace::_print::h96e550016098cde6
[INFO] [stderr]                                  at /rustc/9610dfe5a9a731ced1ea4923ecbd0c57fe367898/library/std/src/sys_common/backtrace.rs:47:5
[INFO] [stderr]      8:     0x55ac42c99f85 - std::sys_common::backtrace::print::h7a049611b153a02e
[INFO] [stderr]                                  at /rustc/9610dfe5a9a731ced1ea4923ecbd0c57fe367898/library/std/src/sys_common/backtrace.rs:34:9
[INFO] [stderr]      9:     0x55ac42c9b427 - std::panicking::default_hook::{{closure}}::h1b023d46676794c4
[INFO] [stderr]     10:     0x55ac42c9b214 - std::panicking::default_hook::hea2961dabcf68e83
[INFO] [stderr]                                  at /rustc/9610dfe5a9a731ced1ea4923ecbd0c57fe367898/library/std/src/panicking.rs:288:9
[INFO] [stderr]     11:     0x55ac42c9b8dc - std::panicking::rust_panic_with_hook::h4285c91a8168b001
[INFO] [stderr]                                  at /rustc/9610dfe5a9a731ced1ea4923ecbd0c57fe367898/library/std/src/panicking.rs:705:13
[INFO] [stderr]     12:     0x55ac42c9b7d7 - std::panicking::begin_panic_handler::{{closure}}::h6ebd0d46f0c6b010
[INFO] [stderr]                                  at /rustc/9610dfe5a9a731ced1ea4923ecbd0c57fe367898/library/std/src/panicking.rs:597:13
[INFO] [stderr]     13:     0x55ac42c9a5a6 - std::sys_common::backtrace::__rust_end_short_backtrace::h92042d128576b63a
[INFO] [stderr]                                  at /rustc/9610dfe5a9a731ced1ea4923ecbd0c57fe367898/library/std/src/sys_common/backtrace.rs:151:18
[INFO] [stderr]     14:     0x55ac42c9b522 - rust_begin_unwind
[INFO] [stderr]                                  at /rustc/9610dfe5a9a731ced1ea4923ecbd0c57fe367898/library/std/src/panicking.rs:593:5
[INFO] [stderr]     15:     0x55ac427253e3 - core::panicking::panic_fmt::h65404fc8061ee73a
[INFO] [stderr]                                  at /rustc/9610dfe5a9a731ced1ea4923ecbd0c57fe367898/library/core/src/panicking.rs:67:14
[INFO] [stderr]     16:     0x55ac42725973 - core::result::unwrap_failed::h32fb969d6bae75cc
[INFO] [stderr]                                  at /rustc/9610dfe5a9a731ced1ea4923ecbd0c57fe367898/library/core/src/result.rs:1651:5
[INFO] [stderr]     17:     0x55ac4272b3d2 - core::result::Result<T,E>::expect::h984e3eb1d48c3a2d
[INFO] [stderr]     18:     0x55ac427298af - build_script_build::main::h6d9ad7321a718ae8
[INFO] [stderr]     19:     0x55ac42727743 - core::ops::function::FnOnce::call_once::hedbfe562eb6991fd
[INFO] [stderr]     20:     0x55ac42727626 - std::sys_common::backtrace::__rust_begin_short_backtrace::h40b1bd8165ad7e65
[INFO] [stderr]     21:     0x55ac42727679 - std::rt::lang_start::{{closure}}::h769ee9c013620953
[INFO] [stderr]     22:     0x55ac42c92d95 - core::ops::function::impls::<impl core::ops::function::FnOnce<A> for &F>::call_once::h49ef85a8a8d45198
[INFO] [stderr]                                  at /rustc/9610dfe5a9a731ced1ea4923ecbd0c57fe367898/library/core/src/ops/function.rs:284:13
[INFO] [stderr]     23:     0x55ac42c92d95 - std::panicking::try::do_call::ha1def14af693a135
[INFO] [stderr]                                  at /rustc/9610dfe5a9a731ced1ea4923ecbd0c57fe367898/library/std/src/panicking.rs:500:40
[INFO] [stderr]     24:     0x55ac42c92d95 - std::panicking::try::haa3dc2a1139932e2
[INFO] [stderr]                                  at /rustc/9610dfe5a9a731ced1ea4923ecbd0c57fe367898/library/std/src/panicking.rs:464:19
[INFO] [stderr]     25:     0x55ac42c92d95 - std::panic::catch_unwind::h9d9cbebaf9f15c67
[INFO] [stderr]                                  at /rustc/9610dfe5a9a731ced1ea4923ecbd0c57fe367898/library/std/src/panic.rs:142:14
[INFO] [stderr]     26:     0x55ac42c92d95 - std::rt::lang_start_internal::{{closure}}::hf660a772669a69cc
[INFO] [stderr]                                  at /rustc/9610dfe5a9a731ced1ea4923ecbd0c57fe367898/library/std/src/rt.rs:148:48
[INFO] [stderr]     27:     0x55ac42c92d95 - std::panicking::try::do_call::hb1c34715bb9b1c46
[INFO] [stderr]                                  at /rustc/9610dfe5a9a731ced1ea4923ecbd0c57fe367898/library/std/src/panicking.rs:500:40
[INFO] [stderr]     28:     0x55ac42c92d95 - std::panicking::try::h499866fd990da8f1
[INFO] [stderr]                                  at /rustc/9610dfe5a9a731ced1ea4923ecbd0c57fe367898/library/std/src/panicking.rs:464:19
[INFO] [stderr]     29:     0x55ac42c92d95 - std::panic::catch_unwind::hac1ffec55b72e7bc
[INFO] [stderr]                                  at /rustc/9610dfe5a9a731ced1ea4923ecbd0c57fe367898/library/std/src/panic.rs:142:14
[INFO] [stderr]     30:     0x55ac42c92d95 - std::rt::lang_start_internal::h0fecf91cd579e7b6
[INFO] [stderr]                                  at /rustc/9610dfe5a9a731ced1ea4923ecbd0c57fe367898/library/std/src/rt.rs:148:20
[INFO] [stderr]     31:     0x55ac42727657 - std::rt::lang_start::h777bd7e33155d73a
[INFO] [stderr]     32:     0x55ac42729b85 - main
[INFO] [stderr]     33:     0x7f821365ad90 - <unknown>
[INFO] [stderr]     34:     0x7f821365ae40 - __libc_start_main
[INFO] [stderr]     35:     0x55ac42725c75 - _start
[INFO] [stderr]     36:                0x0 - <unknown>
[INFO] [stderr] warning: build failed, waiting for other jobs to finish...
[INFO] running `Command { std: "docker" "inspect" "1485f0d8e432e4394e35064bd222e4189b28a6b50e8aa0c7bfdf7a5117f4b9d0", kill_on_drop: false }`
[INFO] running `Command { std: "docker" "rm" "-f" "1485f0d8e432e4394e35064bd222e4189b28a6b50e8aa0c7bfdf7a5117f4b9d0", kill_on_drop: false }`
[INFO] [stdout] 1485f0d8e432e4394e35064bd222e4189b28a6b50e8aa0c7bfdf7a5117f4b9d0
